{"id":3535,"date":"2022-10-02T19:00:06","date_gmt":"2022-10-02T19:00:06","guid":{"rendered":"https:\/\/www.parafia.rudyszwald.pl\/?page_id=3535"},"modified":"2022-10-02T19:00:08","modified_gmt":"2022-10-02T19:00:08","slug":"niedziela-zeslania-ducha-swietego","status":"publish","type":"page","link":"https:\/\/www.parafia.rudyszwald.pl\/index.php\/niedziela-zeslania-ducha-swietego\/","title":{"rendered":"Niedziela zes\u0142ania Ducha \u015awi\u0119tego"},"content":{"rendered":"\n<hr class=\"wp-block-separator\"\/>\n\n\n\n<div style=\"height:20px\" aria-hidden=\"true\" class=\"wp-block-spacer\"><\/div>\n\n\n\n<figure class=\"wp-block-embed-youtube aligncenter wp-block-embed is-type-video is-provider-youtube wp-embed-aspect-16-9 wp-has-aspect-ratio\"><div class=\"wp-block-embed__wrapper\">\n<iframe loading=\"lazy\" title=\"14. Ogarnij mnie p\u0142omieniu | Jestem do Niego podobny (2015) | Mocni w Duchu [muzyka] official\" width=\"1000\" height=\"563\" src=\"https:\/\/www.youtube.com\/embed\/LOTgk2KJQT8?feature=oembed\" frameborder=\"0\" allow=\"accelerometer; autoplay; clipboard-write; encrypted-media; gyroscope; picture-in-picture\" allowfullscreen><\/iframe>\n<\/div><\/figure>\n\n\n\n<div class=\"wp-block-image\"><figure class=\"aligncenter size-large is-resized\"><img decoding=\"async\" loading=\"lazy\" src=\"https:\/\/www.parafia.rudyszwald.pl\/wp-content\/uploads\/2022\/10\/WhatsApp-Image-2022-09-27-at-12.48.56-590x1024.jpeg\" alt=\"\" class=\"wp-image-3537\" width=\"231\" height=\"400\" srcset=\"https:\/\/www.parafia.rudyszwald.pl\/wp-content\/uploads\/2022\/10\/WhatsApp-Image-2022-09-27-at-12.48.56-590x1024.jpeg 590w, https:\/\/www.parafia.rudyszwald.pl\/wp-content\/uploads\/2022\/10\/WhatsApp-Image-2022-09-27-at-12.48.56-173x300.jpeg 173w, https:\/\/www.parafia.rudyszwald.pl\/wp-content\/uploads\/2022\/10\/WhatsApp-Image-2022-09-27-at-12.48.56.jpeg 720w\" sizes=\"(max-width: 231px) 100vw, 231px\" \/><\/figure><\/div>\n\n\n\n<div class=\"wp-block-image\"><figure class=\"aligncenter size-large is-resized\"><a href=\"https:\/\/www.parafia.rudyszwald.pl\/wp-content\/uploads\/2022\/10\/WhatsApp-Image-2022-09-27-at-12.48.56-1.jpg\"><img decoding=\"async\" loading=\"lazy\" src=\"https:\/\/www.parafia.rudyszwald.pl\/wp-content\/uploads\/2022\/10\/WhatsApp-Image-2022-09-27-at-12.48.56-1.jpg\" alt=\"\" class=\"wp-image-3539\" width=\"447\" height=\"392\" srcset=\"https:\/\/www.parafia.rudyszwald.pl\/wp-content\/uploads\/2022\/10\/WhatsApp-Image-2022-09-27-at-12.48.56-1.jpg 720w, https:\/\/www.parafia.rudyszwald.pl\/wp-content\/uploads\/2022\/10\/WhatsApp-Image-2022-09-27-at-12.48.56-1-300x263.jpg 300w\" sizes=\"(max-width: 447px) 100vw, 447px\" \/><\/a><\/figure><\/div>\n\n\n\n<div class=\"wp-block-image\"><figure class=\"aligncenter size-large is-resized\"><img decoding=\"async\" loading=\"lazy\" src=\"https:\/\/www.parafia.rudyszwald.pl\/wp-content\/uploads\/2022\/10\/WhatsApp-Image-2022-09-27-at-12.48.56-2.jpeg\" alt=\"\" class=\"wp-image-3540\" width=\"238\" height=\"308\" srcset=\"https:\/\/www.parafia.rudyszwald.pl\/wp-content\/uploads\/2022\/10\/WhatsApp-Image-2022-09-27-at-12.48.56-2.jpeg 720w, https:\/\/www.parafia.rudyszwald.pl\/wp-content\/uploads\/2022\/10\/WhatsApp-Image-2022-09-27-at-12.48.56-2-232x300.jpeg 232w\" sizes=\"(max-width: 238px) 100vw, 238px\" \/><\/figure><\/div>\n\n\n\n<div class=\"is-layout-flex wp-block-buttons aligncenter\">\n<div class=\"wp-block-button is-style-fill\"><a class=\"wp-block-button__link\" href=\"https:\/\/www.parafia.rudyszwald.pl\/index.php\/dzieci-maryi\/\">powr\u00f3t<\/a><\/div>\n<\/div>\n\n\n\n<div class=\"is-layout-flex wp-block-buttons aligncenter\">\n<div class=\"wp-block-button is-style-outline\"><a class=\"wp-block-button__link\" href=\"https:\/\/www.parafia.rudyszwald.pl\/\">strona g\u0142\u00f3wna<\/a><\/div>\n<\/div>\n","protected":false},"excerpt":{"rendered":"","protected":false},"author":1,"featured_media":0,"parent":0,"menu_order":0,"comment_status":"closed","ping_status":"closed","template":"","meta":{"_exactmetrics_skip_tracking":false,"_exactmetrics_sitenote_active":false,"_exactmetrics_sitenote_note":"","_exactmetrics_sitenote_category":0,"ngg_post_thumbnail":0},"yoast_head":"<!-- This site is optimized with the Yoast SEO plugin v19.11 - https:\/\/yoast.com\/wordpress\/plugins\/seo\/ -->\n<title>Niedziela zes\u0142ania Ducha \u015awi\u0119tego - Parafia Tr\u00f3jcy \u015awi\u0119tej w Rudyszwa\u0142dzie<\/title>\n<meta name=\"robots\" content=\"index, follow, max-snippet:-1, max-image-preview:large, max-video-preview:-1\" \/>\n<link rel=\"canonical\" href=\"https:\/\/www.parafia.rudyszwald.pl\/index.php\/niedziela-zeslania-ducha-swietego\/\" \/>\n<meta property=\"og:locale\" content=\"pl_PL\" \/>\n<meta property=\"og:type\" content=\"article\" \/>\n<meta property=\"og:title\" content=\"Niedziela zes\u0142ania Ducha \u015awi\u0119tego - Parafia Tr\u00f3jcy \u015awi\u0119tej w Rudyszwa\u0142dzie\" \/>\n<meta property=\"og:url\" content=\"https:\/\/www.parafia.rudyszwald.pl\/index.php\/niedziela-zeslania-ducha-swietego\/\" \/>\n<meta property=\"og:site_name\" content=\"Parafia Tr\u00f3jcy \u015awi\u0119tej w Rudyszwa\u0142dzie\" \/>\n<meta property=\"article:modified_time\" content=\"2022-10-02T19:00:08+00:00\" \/>\n<meta property=\"og:image\" content=\"https:\/\/www.parafia.rudyszwald.pl\/wp-content\/uploads\/2022\/10\/WhatsApp-Image-2022-09-27-at-12.48.56-590x1024.jpeg\" \/>\n<meta name=\"twitter:card\" content=\"summary_large_image\" \/>\n<script type=\"application\/ld+json\" class=\"yoast-schema-graph\">{\"@context\":\"https:\/\/schema.org\",\"@graph\":[{\"@type\":\"WebPage\",\"@id\":\"https:\/\/www.parafia.rudyszwald.pl\/index.php\/niedziela-zeslania-ducha-swietego\/\",\"url\":\"https:\/\/www.parafia.rudyszwald.pl\/index.php\/niedziela-zeslania-ducha-swietego\/\",\"name\":\"Niedziela zes\u0142ania Ducha \u015awi\u0119tego - Parafia Tr\u00f3jcy \u015awi\u0119tej w Rudyszwa\u0142dzie\",\"isPartOf\":{\"@id\":\"https:\/\/www.parafia.rudyszwald.pl\/#website\"},\"datePublished\":\"2022-10-02T19:00:06+00:00\",\"dateModified\":\"2022-10-02T19:00:08+00:00\",\"breadcrumb\":{\"@id\":\"https:\/\/www.parafia.rudyszwald.pl\/index.php\/niedziela-zeslania-ducha-swietego\/#breadcrumb\"},\"inLanguage\":\"pl-PL\",\"potentialAction\":[{\"@type\":\"ReadAction\",\"target\":[\"https:\/\/www.parafia.rudyszwald.pl\/index.php\/niedziela-zeslania-ducha-swietego\/\"]}]},{\"@type\":\"BreadcrumbList\",\"@id\":\"https:\/\/www.parafia.rudyszwald.pl\/index.php\/niedziela-zeslania-ducha-swietego\/#breadcrumb\",\"itemListElement\":[{\"@type\":\"ListItem\",\"position\":1,\"name\":\"Strona g\u0142\u00f3wna\",\"item\":\"https:\/\/www.parafia.rudyszwald.pl\/\"},{\"@type\":\"ListItem\",\"position\":2,\"name\":\"Niedziela zes\u0142ania Ducha \u015awi\u0119tego\"}]},{\"@type\":\"WebSite\",\"@id\":\"https:\/\/www.parafia.rudyszwald.pl\/#website\",\"url\":\"https:\/\/www.parafia.rudyszwald.pl\/\",\"name\":\"Parafia Tr\u00f3jcy \u015awi\u0119tej w Rudyszwa\u0142dzie\",\"description\":\"Parafia Rudyszwa\u0142d\",\"publisher\":{\"@id\":\"https:\/\/www.parafia.rudyszwald.pl\/#organization\"},\"potentialAction\":[{\"@type\":\"SearchAction\",\"target\":{\"@type\":\"EntryPoint\",\"urlTemplate\":\"https:\/\/www.parafia.rudyszwald.pl\/?s={search_term_string}\"},\"query-input\":\"required name=search_term_string\"}],\"inLanguage\":\"pl-PL\"},{\"@type\":\"Organization\",\"@id\":\"https:\/\/www.parafia.rudyszwald.pl\/#organization\",\"name\":\"Parafia Tr\u00f3jcy \u015awi\u0119tej w Rudyszwa\u0142dzie\",\"url\":\"https:\/\/www.parafia.rudyszwald.pl\/\",\"logo\":{\"@type\":\"ImageObject\",\"inLanguage\":\"pl-PL\",\"@id\":\"https:\/\/www.parafia.rudyszwald.pl\/#\/schema\/logo\/image\/\",\"url\":\"https:\/\/www.parafia.rudyszwald.pl\/wp-content\/uploads\/2019\/07\/IMG_1_DxO-copy-\u2014-kopia2-\u2014-kopia-2.jpg\",\"contentUrl\":\"https:\/\/www.parafia.rudyszwald.pl\/wp-content\/uploads\/2019\/07\/IMG_1_DxO-copy-\u2014-kopia2-\u2014-kopia-2.jpg\",\"width\":464,\"height\":711,\"caption\":\"Parafia Tr\u00f3jcy \u015awi\u0119tej w Rudyszwa\u0142dzie\"},\"image\":{\"@id\":\"https:\/\/www.parafia.rudyszwald.pl\/#\/schema\/logo\/image\/\"}}]}<\/script>\n<!-- \/ Yoast SEO plugin. -->","yoast_head_json":{"title":"Niedziela zes\u0142ania Ducha \u015awi\u0119tego - Parafia Tr\u00f3jcy \u015awi\u0119tej w Rudyszwa\u0142dzie","robots":{"index":"index","follow":"follow","max-snippet":"max-snippet:-1","max-image-preview":"max-image-preview:large","max-video-preview":"max-video-preview:-1"},"canonical":"https:\/\/www.parafia.rudyszwald.pl\/index.php\/niedziela-zeslania-ducha-swietego\/","og_locale":"pl_PL","og_type":"article","og_title":"Niedziela zes\u0142ania Ducha \u015awi\u0119tego - Parafia Tr\u00f3jcy \u015awi\u0119tej w Rudyszwa\u0142dzie","og_url":"https:\/\/www.parafia.rudyszwald.pl\/index.php\/niedziela-zeslania-ducha-swietego\/","og_site_name":"Parafia Tr\u00f3jcy \u015awi\u0119tej w Rudyszwa\u0142dzie","article_modified_time":"2022-10-02T19:00:08+00:00","og_image":[{"url":"https:\/\/www.parafia.rudyszwald.pl\/wp-content\/uploads\/2022\/10\/WhatsApp-Image-2022-09-27-at-12.48.56-590x1024.jpeg"}],"twitter_card":"summary_large_image","schema":{"@context":"https:\/\/schema.org","@graph":[{"@type":"WebPage","@id":"https:\/\/www.parafia.rudyszwald.pl\/index.php\/niedziela-zeslania-ducha-swietego\/","url":"https:\/\/www.parafia.rudyszwald.pl\/index.php\/niedziela-zeslania-ducha-swietego\/","name":"Niedziela zes\u0142ania Ducha \u015awi\u0119tego - Parafia Tr\u00f3jcy \u015awi\u0119tej w Rudyszwa\u0142dzie","isPartOf":{"@id":"https:\/\/www.parafia.rudyszwald.pl\/#website"},"datePublished":"2022-10-02T19:00:06+00:00","dateModified":"2022-10-02T19:00:08+00:00","breadcrumb":{"@id":"https:\/\/www.parafia.rudyszwald.pl\/index.php\/niedziela-zeslania-ducha-swietego\/#breadcrumb"},"inLanguage":"pl-PL","potentialAction":[{"@type":"ReadAction","target":["https:\/\/www.parafia.rudyszwald.pl\/index.php\/niedziela-zeslania-ducha-swietego\/"]}]},{"@type":"BreadcrumbList","@id":"https:\/\/www.parafia.rudyszwald.pl\/index.php\/niedziela-zeslania-ducha-swietego\/#breadcrumb","itemListElement":[{"@type":"ListItem","position":1,"name":"Strona g\u0142\u00f3wna","item":"https:\/\/www.parafia.rudyszwald.pl\/"},{"@type":"ListItem","position":2,"name":"Niedziela zes\u0142ania Ducha \u015awi\u0119tego"}]},{"@type":"WebSite","@id":"https:\/\/www.parafia.rudyszwald.pl\/#website","url":"https:\/\/www.parafia.rudyszwald.pl\/","name":"Parafia Tr\u00f3jcy \u015awi\u0119tej w Rudyszwa\u0142dzie","description":"Parafia Rudyszwa\u0142d","publisher":{"@id":"https:\/\/www.parafia.rudyszwald.pl\/#organization"},"potentialAction":[{"@type":"SearchAction","target":{"@type":"EntryPoint","urlTemplate":"https:\/\/www.parafia.rudyszwald.pl\/?s={search_term_string}"},"query-input":"required name=search_term_string"}],"inLanguage":"pl-PL"},{"@type":"Organization","@id":"https:\/\/www.parafia.rudyszwald.pl\/#organization","name":"Parafia Tr\u00f3jcy \u015awi\u0119tej w Rudyszwa\u0142dzie","url":"https:\/\/www.parafia.rudyszwald.pl\/","logo":{"@type":"ImageObject","inLanguage":"pl-PL","@id":"https:\/\/www.parafia.rudyszwald.pl\/#\/schema\/logo\/image\/","url":"https:\/\/www.parafia.rudyszwald.pl\/wp-content\/uploads\/2019\/07\/IMG_1_DxO-copy-\u2014-kopia2-\u2014-kopia-2.jpg","contentUrl":"https:\/\/www.parafia.rudyszwald.pl\/wp-content\/uploads\/2019\/07\/IMG_1_DxO-copy-\u2014-kopia2-\u2014-kopia-2.jpg","width":464,"height":711,"caption":"Parafia Tr\u00f3jcy \u015awi\u0119tej w Rudyszwa\u0142dzie"},"image":{"@id":"https:\/\/www.parafia.rudyszwald.pl\/#\/schema\/logo\/image\/"}}]}},"_links":{"self":[{"href":"https:\/\/www.parafia.rudyszwald.pl\/index.php\/wp-json\/wp\/v2\/pages\/3535"}],"collection":[{"href":"https:\/\/www.parafia.rudyszwald.pl\/index.php\/wp-json\/wp\/v2\/pages"}],"about":[{"href":"https:\/\/www.parafia.rudyszwald.pl\/index.php\/wp-json\/wp\/v2\/types\/page"}],"author":[{"embeddable":true,"href":"https:\/\/www.parafia.rudyszwald.pl\/index.php\/wp-json\/wp\/v2\/users\/1"}],"replies":[{"embeddable":true,"href":"https:\/\/www.parafia.rudyszwald.pl\/index.php\/wp-json\/wp\/v2\/comments?post=3535"}],"version-history":[{"count":6,"href":"https:\/\/www.parafia.rudyszwald.pl\/index.php\/wp-json\/wp\/v2\/pages\/3535\/revisions"}],"predecessor-version":[{"id":3546,"href":"https:\/\/www.parafia.rudyszwald.pl\/index.php\/wp-json\/wp\/v2\/pages\/3535\/revisions\/3546"}],"wp:attachment":[{"href":"https:\/\/www.parafia.rudyszwald.pl\/index.php\/wp-json\/wp\/v2\/media?parent=3535"}],"curies":[{"name":"wp","href":"https:\/\/api.w.org\/{rel}","templated":true}]}}

Niedziela zesłania Ducha Świętego

<hr class="wp-block-separator"/>



<div style="height:20px" aria-hidden="true" class="wp-block-spacer"></div>



<figure class="wp-block-embed-youtube aligncenter wp-block-embed is-type-video is-provider-youtube wp-embed-aspect-16-9 wp-has-aspect-ratio"><div class="wp-block-embed__wrapper">
<iframe loading="lazy" title="14. Ogarnij mnie płomieniu | Jestem do Niego podobny (2015) | Mocni w Duchu [muzyka] official" width="1000" height="563" src="https://www.youtube.com/embed/LOTgk2KJQT8?feature=oembed" frameborder="0" allow="accelerometer; autoplay; clipboard-write; encrypted-media; gyroscope; picture-in-picture" allowfullscreen></iframe>
</div></figure>



<div class="wp-block-image"><figure class="aligncenter size-large is-resized"><img decoding="async" loading="lazy" src="https://www.parafia.rudyszwald.pl/wp-content/uploads/2022/10/WhatsApp-Image-2022-09-27-at-12.48.56-590x1024.jpeg" alt="" class="wp-image-3537" width="231" height="400" srcset="https://www.parafia.rudyszwald.pl/wp-content/uploads/2022/10/WhatsApp-Image-2022-09-27-at-12.48.56-590x1024.jpeg 590w, https://www.parafia.rudyszwald.pl/wp-content/uploads/2022/10/WhatsApp-Image-2022-09-27-at-12.48.56-173x300.jpeg 173w, https://www.parafia.rudyszwald.pl/wp-content/uploads/2022/10/WhatsApp-Image-2022-09-27-at-12.48.56.jpeg 720w" sizes="(max-width: 231px) 100vw, 231px" /></figure></div>



<div class="wp-block-image"><figure class="aligncenter size-large is-resized"><a href="https://www.parafia.rudyszwald.pl/wp-content/uploads/2022/10/WhatsApp-Image-2022-09-27-at-12.48.56-1.jpg"><img decoding="async" loading="lazy" src="https://www.parafia.rudyszwald.pl/wp-content/uploads/2022/10/WhatsApp-Image-2022-09-27-at-12.48.56-1.jpg" alt="" class="wp-image-3539" width="447" height="392" srcset="https://www.parafia.rudyszwald.pl/wp-content/uploads/2022/10/WhatsApp-Image-2022-09-27-at-12.48.56-1.jpg 720w, https://www.parafia.rudyszwald.pl/wp-content/uploads/2022/10/WhatsApp-Image-2022-09-27-at-12.48.56-1-300x263.jpg 300w" sizes="(max-width: 447px) 100vw, 447px" /></a></figure></div>



<div class="wp-block-image"><figure class="aligncenter size-large is-resized"><img decoding="async" loading="lazy" src="https://www.parafia.rudyszwald.pl/wp-content/uploads/2022/10/WhatsApp-Image-2022-09-27-at-12.48.56-2.jpeg" alt="" class="wp-image-3540" width="238" height="308" srcset="https://www.parafia.rudyszwald.pl/wp-content/uploads/2022/10/WhatsApp-Image-2022-09-27-at-12.48.56-2.jpeg 720w, https://www.parafia.rudyszwald.pl/wp-content/uploads/2022/10/WhatsApp-Image-2022-09-27-at-12.48.56-2-232x300.jpeg 232w" sizes="(max-width: 238px) 100vw, 238px" /></figure></div>



<div class="is-layout-flex wp-block-buttons aligncenter">
<div class="wp-block-button is-style-fill"><a class="wp-block-button__link" href="https://www.parafia.rudyszwald.pl/index.php/dzieci-maryi/">powrót</a></div>
</div>



<div class="is-layout-flex wp-block-buttons aligncenter">
<div class="wp-block-button is-style-outline"><a class="wp-block-button__link" href="https://www.parafia.rudyszwald.pl/">strona główna</a></div>
</div>

<!-- This site is optimized with the Yoast SEO plugin v19.11 - https://yoast.com/wordpress/plugins/seo/ -->
<title>Niedziela zesłania Ducha Świętego - Parafia Trójcy Świętej w Rudyszwałdzie</title>
<meta name="robots" content="index, follow, max-snippet:-1, max-image-preview:large, max-video-preview:-1" />
<link rel="canonical" href="https://www.parafia.rudyszwald.pl/index.php/niedziela-zeslania-ducha-swietego/" />
<meta property="og:locale" content="pl_PL" />
<meta property="og:type" content="article" />
<meta property="og:title" content="Niedziela zesłania Ducha Świętego - Parafia Trójcy Świętej w Rudyszwałdzie" />
<meta property="og:url" content="https://www.parafia.rudyszwald.pl/index.php/niedziela-zeslania-ducha-swietego/" />
<meta property="og:site_name" content="Parafia Trójcy Świętej w Rudyszwałdzie" />
<meta property="article:modified_time" content="2022-10-02T19:00:08+00:00" />
<meta property="og:image" content="https://www.parafia.rudyszwald.pl/wp-content/uploads/2022/10/WhatsApp-Image-2022-09-27-at-12.48.56-590x1024.jpeg" />
<meta name="twitter:card" content="summary_large_image" />
<script type="application/ld+json" class="yoast-schema-graph">{"@context":"https://schema.org","@graph":[{"@type":"WebPage","@id":"https://www.parafia.rudyszwald.pl/index.php/niedziela-zeslania-ducha-swietego/","url":"https://www.parafia.rudyszwald.pl/index.php/niedziela-zeslania-ducha-swietego/","name":"Niedziela zesłania Ducha Świętego - Parafia Trójcy Świętej w Rudyszwałdzie","isPartOf":{"@id":"https://www.parafia.rudyszwald.pl/#website"},"datePublished":"2022-10-02T19:00:06+00:00","dateModified":"2022-10-02T19:00:08+00:00","breadcrumb":{"@id":"https://www.parafia.rudyszwald.pl/index.php/niedziela-zeslania-ducha-swietego/#breadcrumb"},"inLanguage":"pl-PL","potentialAction":[{"@type":"ReadAction","target":["https://www.parafia.rudyszwald.pl/index.php/niedziela-zeslania-ducha-swietego/"]}]},{"@type":"BreadcrumbList","@id":"https://www.parafia.rudyszwald.pl/index.php/niedziela-zeslania-ducha-swietego/#breadcrumb","itemListElement":[{"@type":"ListItem","position":1,"name":"Strona główna","item":"https://www.parafia.rudyszwald.pl/"},{"@type":"ListItem","position":2,"name":"Niedziela zesłania Ducha Świętego"}]},{"@type":"WebSite","@id":"https://www.parafia.rudyszwald.pl/#website","url":"https://www.parafia.rudyszwald.pl/","name":"Parafia Trójcy Świętej w Rudyszwałdzie","description":"Parafia Rudyszwałd","publisher":{"@id":"https://www.parafia.rudyszwald.pl/#organization"},"potentialAction":[{"@type":"SearchAction","target":{"@type":"EntryPoint","urlTemplate":"https://www.parafia.rudyszwald.pl/?s={search_term_string}"},"query-input":"required name=search_term_string"}],"inLanguage":"pl-PL"},{"@type":"Organization","@id":"https://www.parafia.rudyszwald.pl/#organization","name":"Parafia Trójcy Świętej w Rudyszwałdzie","url":"https://www.parafia.rudyszwald.pl/","logo":{"@type":"ImageObject","inLanguage":"pl-PL","@id":"https://www.parafia.rudyszwald.pl/#/schema/logo/image/","url":"https://www.parafia.rudyszwald.pl/wp-content/uploads/2019/07/IMG_1_DxO-copy-—-kopia2-—-kopia-2.jpg","contentUrl":"https://www.parafia.rudyszwald.pl/wp-content/uploads/2019/07/IMG_1_DxO-copy-—-kopia2-—-kopia-2.jpg","width":464,"height":711,"caption":"Parafia Trójcy Świętej w Rudyszwałdzie"},"image":{"@id":"https://www.parafia.rudyszwald.pl/#/schema/logo/image/"}}]}</script>
<!-- / Yoast SEO plugin. -->

Niedziela zesłania Ducha Świętego - Parafia Trójcy Świętej w Rudyszwałdzie

Parafia Trójcy Świętej w Rudyszwałdzie

Strona główna

Parafia Rudyszwałd
