{"id":3553,"date":"2022-10-02T19:31:37","date_gmt":"2022-10-02T19:31:37","guid":{"rendered":"https:\/\/www.parafia.rudyszwald.pl\/?page_id=3553"},"modified":"2022-10-02T19:31:38","modified_gmt":"2022-10-02T19:31:38","slug":"matka-boza","status":"publish","type":"page","link":"https:\/\/www.parafia.rudyszwald.pl\/index.php\/matka-boza\/","title":{"rendered":"Matka Bo\u017ca"},"content":{"rendered":"\n<hr class=\"wp-block-separator\"\/>\n\n\n\n<div style=\"height:20px\" aria-hidden=\"true\" class=\"wp-block-spacer\"><\/div>\n\n\n\n<p class=\"has-background has-very-light-gray-background-color\" style=\"text-align:justify\"><strong>Urodziny Matki Bo\u017cej <\/strong><a href=\"https:\/\/www.przewodnik-katolicki.pl\/Archiwum\/2007\/Przewodnik-Katolicki-35-2007\/Wiara-i-Kosciol\/Urodziny-Matki-Bozej\"> -> czytaj dalej<\/a>. <\/p>\n\n\n\n<div class=\"wp-block-image\"><figure class=\"aligncenter size-large is-resized\"><a href=\"https:\/\/www.parafia.rudyszwald.pl\/wp-content\/uploads\/2022\/10\/WhatsApp-Image-2022-09-27-at-12.50.52.jpeg\"><img decoding=\"async\" loading=\"lazy\" src=\"https:\/\/www.parafia.rudyszwald.pl\/wp-content\/uploads\/2022\/10\/WhatsApp-Image-2022-09-27-at-12.50.52.jpeg\" alt=\"\" class=\"wp-image-3556\" width=\"477\" height=\"389\" srcset=\"https:\/\/www.parafia.rudyszwald.pl\/wp-content\/uploads\/2022\/10\/WhatsApp-Image-2022-09-27-at-12.50.52.jpeg 720w, https:\/\/www.parafia.rudyszwald.pl\/wp-content\/uploads\/2022\/10\/WhatsApp-Image-2022-09-27-at-12.50.52-300x245.jpeg 300w\" sizes=\"(max-width: 477px) 100vw, 477px\" \/><\/a><\/figure><\/div>\n\n\n\n<figure class=\"wp-block-embed-youtube aligncenter wp-block-embed is-type-video is-provider-youtube wp-embed-aspect-16-9 wp-has-aspect-ratio\"><div class=\"wp-block-embed__wrapper\">\n<iframe loading=\"lazy\" title=\"MODLITWA DO NAJ\u015aWI\u0118TSZEJ MARYI PANNY \u2764\ufe0f\ud83d\ude4f\u2764\ufe0f ZDROWA\u015a MARYJO, \u0141ASKI PE\u0141NA \u015aWI\u0118TO NARODZIN NMP 8.09.2022\" width=\"1000\" height=\"563\" src=\"https:\/\/www.youtube.com\/embed\/iM-6e3cLB60?feature=oembed\" frameborder=\"0\" allow=\"accelerometer; autoplay; clipboard-write; encrypted-media; gyroscope; picture-in-picture\" allowfullscreen><\/iframe>\n<\/div><\/figure>\n\n\n\n<figure class=\"wp-block-embed-youtube aligncenter wp-block-embed is-type-video is-provider-youtube wp-embed-aspect-16-9 wp-has-aspect-ratio\"><div class=\"wp-block-embed__wrapper\">\n<iframe loading=\"lazy\" title=\"Maryjo, chc\u0119 zamieszka\u0107 z Tob\u0105 | Mocni w Duchu official\" width=\"1000\" height=\"563\" src=\"https:\/\/www.youtube.com\/embed\/-LgVzC-RxLs?feature=oembed\" frameborder=\"0\" allow=\"accelerometer; autoplay; clipboard-write; encrypted-media; gyroscope; picture-in-picture\" allowfullscreen><\/iframe>\n<\/div><\/figure>\n\n\n\n<div class=\"is-layout-flex wp-block-buttons aligncenter\">\n<div class=\"wp-block-button\"><a class=\"wp-block-button__link\" href=\"https:\/\/www.parafia.rudyszwald.pl\/index.php\/dzieci-maryi\/\">powr\u00f3t<\/a><\/div>\n<\/div>\n\n\n\n<div class=\"is-layout-flex wp-block-buttons aligncenter\">\n<div class=\"wp-block-button is-style-outline\"><a class=\"wp-block-button__link\" href=\"https:\/\/www.parafia.rudyszwald.pl\/\">strona g\u0142\u00f3wna<\/a><\/div>\n<\/div>\n","protected":false},"excerpt":{"rendered":"<p>Urodziny Matki Bo\u017cej -> czytaj dalej.<\/p>\n","protected":false},"author":1,"featured_media":0,"parent":0,"menu_order":0,"comment_status":"closed","ping_status":"closed","template":"","meta":{"_exactmetrics_skip_tracking":false,"_exactmetrics_sitenote_active":false,"_exactmetrics_sitenote_note":"","_exactmetrics_sitenote_category":0,"ngg_post_thumbnail":0},"yoast_head":"<!-- This site is optimized with the Yoast SEO plugin v19.11 - https:\/\/yoast.com\/wordpress\/plugins\/seo\/ -->\n<title>Matka Bo\u017ca - Parafia Tr\u00f3jcy \u015awi\u0119tej w Rudyszwa\u0142dzie<\/title>\n<meta name=\"robots\" content=\"index, follow, max-snippet:-1, max-image-preview:large, max-video-preview:-1\" \/>\n<link rel=\"canonical\" href=\"https:\/\/www.parafia.rudyszwald.pl\/index.php\/matka-boza\/\" \/>\n<meta property=\"og:locale\" content=\"pl_PL\" \/>\n<meta property=\"og:type\" content=\"article\" \/>\n<meta property=\"og:title\" content=\"Matka Bo\u017ca - Parafia Tr\u00f3jcy \u015awi\u0119tej w Rudyszwa\u0142dzie\" \/>\n<meta property=\"og:description\" content=\"Urodziny Matki Bo\u017cej -&gt; czytaj dalej.\" \/>\n<meta property=\"og:url\" content=\"https:\/\/www.parafia.rudyszwald.pl\/index.php\/matka-boza\/\" \/>\n<meta property=\"og:site_name\" content=\"Parafia Tr\u00f3jcy \u015awi\u0119tej w Rudyszwa\u0142dzie\" \/>\n<meta property=\"article:modified_time\" content=\"2022-10-02T19:31:38+00:00\" \/>\n<meta property=\"og:image\" content=\"https:\/\/www.parafia.rudyszwald.pl\/wp-content\/uploads\/2022\/10\/WhatsApp-Image-2022-09-27-at-12.50.52.jpeg\" \/>\n<meta name=\"twitter:card\" content=\"summary_large_image\" \/>\n<script type=\"application\/ld+json\" class=\"yoast-schema-graph\">{\"@context\":\"https:\/\/schema.org\",\"@graph\":[{\"@type\":\"WebPage\",\"@id\":\"https:\/\/www.parafia.rudyszwald.pl\/index.php\/matka-boza\/\",\"url\":\"https:\/\/www.parafia.rudyszwald.pl\/index.php\/matka-boza\/\",\"name\":\"Matka Bo\u017ca - Parafia Tr\u00f3jcy \u015awi\u0119tej w Rudyszwa\u0142dzie\",\"isPartOf\":{\"@id\":\"https:\/\/www.parafia.rudyszwald.pl\/#website\"},\"datePublished\":\"2022-10-02T19:31:37+00:00\",\"dateModified\":\"2022-10-02T19:31:38+00:00\",\"breadcrumb\":{\"@id\":\"https:\/\/www.parafia.rudyszwald.pl\/index.php\/matka-boza\/#breadcrumb\"},\"inLanguage\":\"pl-PL\",\"potentialAction\":[{\"@type\":\"ReadAction\",\"target\":[\"https:\/\/www.parafia.rudyszwald.pl\/index.php\/matka-boza\/\"]}]},{\"@type\":\"BreadcrumbList\",\"@id\":\"https:\/\/www.parafia.rudyszwald.pl\/index.php\/matka-boza\/#breadcrumb\",\"itemListElement\":[{\"@type\":\"ListItem\",\"position\":1,\"name\":\"Strona g\u0142\u00f3wna\",\"item\":\"https:\/\/www.parafia.rudyszwald.pl\/\"},{\"@type\":\"ListItem\",\"position\":2,\"name\":\"Matka Bo\u017ca\"}]},{\"@type\":\"WebSite\",\"@id\":\"https:\/\/www.parafia.rudyszwald.pl\/#website\",\"url\":\"https:\/\/www.parafia.rudyszwald.pl\/\",\"name\":\"Parafia Tr\u00f3jcy \u015awi\u0119tej w Rudyszwa\u0142dzie\",\"description\":\"Parafia Rudyszwa\u0142d\",\"publisher\":{\"@id\":\"https:\/\/www.parafia.rudyszwald.pl\/#organization\"},\"potentialAction\":[{\"@type\":\"SearchAction\",\"target\":{\"@type\":\"EntryPoint\",\"urlTemplate\":\"https:\/\/www.parafia.rudyszwald.pl\/?s={search_term_string}\"},\"query-input\":\"required name=search_term_string\"}],\"inLanguage\":\"pl-PL\"},{\"@type\":\"Organization\",\"@id\":\"https:\/\/www.parafia.rudyszwald.pl\/#organization\",\"name\":\"Parafia Tr\u00f3jcy \u015awi\u0119tej w Rudyszwa\u0142dzie\",\"url\":\"https:\/\/www.parafia.rudyszwald.pl\/\",\"logo\":{\"@type\":\"ImageObject\",\"inLanguage\":\"pl-PL\",\"@id\":\"https:\/\/www.parafia.rudyszwald.pl\/#\/schema\/logo\/image\/\",\"url\":\"https:\/\/www.parafia.rudyszwald.pl\/wp-content\/uploads\/2019\/07\/IMG_1_DxO-copy-\u2014-kopia2-\u2014-kopia-2.jpg\",\"contentUrl\":\"https:\/\/www.parafia.rudyszwald.pl\/wp-content\/uploads\/2019\/07\/IMG_1_DxO-copy-\u2014-kopia2-\u2014-kopia-2.jpg\",\"width\":464,\"height\":711,\"caption\":\"Parafia Tr\u00f3jcy \u015awi\u0119tej w Rudyszwa\u0142dzie\"},\"image\":{\"@id\":\"https:\/\/www.parafia.rudyszwald.pl\/#\/schema\/logo\/image\/\"}}]}<\/script>\n<!-- \/ Yoast SEO plugin. -->","yoast_head_json":{"title":"Matka Bo\u017ca - Parafia Tr\u00f3jcy \u015awi\u0119tej w Rudyszwa\u0142dzie","robots":{"index":"index","follow":"follow","max-snippet":"max-snippet:-1","max-image-preview":"max-image-preview:large","max-video-preview":"max-video-preview:-1"},"canonical":"https:\/\/www.parafia.rudyszwald.pl\/index.php\/matka-boza\/","og_locale":"pl_PL","og_type":"article","og_title":"Matka Bo\u017ca - Parafia Tr\u00f3jcy \u015awi\u0119tej w Rudyszwa\u0142dzie","og_description":"Urodziny Matki Bo\u017cej -> czytaj dalej.","og_url":"https:\/\/www.parafia.rudyszwald.pl\/index.php\/matka-boza\/","og_site_name":"Parafia Tr\u00f3jcy \u015awi\u0119tej w Rudyszwa\u0142dzie","article_modified_time":"2022-10-02T19:31:38+00:00","og_image":[{"url":"https:\/\/www.parafia.rudyszwald.pl\/wp-content\/uploads\/2022\/10\/WhatsApp-Image-2022-09-27-at-12.50.52.jpeg"}],"twitter_card":"summary_large_image","schema":{"@context":"https:\/\/schema.org","@graph":[{"@type":"WebPage","@id":"https:\/\/www.parafia.rudyszwald.pl\/index.php\/matka-boza\/","url":"https:\/\/www.parafia.rudyszwald.pl\/index.php\/matka-boza\/","name":"Matka Bo\u017ca - Parafia Tr\u00f3jcy \u015awi\u0119tej w Rudyszwa\u0142dzie","isPartOf":{"@id":"https:\/\/www.parafia.rudyszwald.pl\/#website"},"datePublished":"2022-10-02T19:31:37+00:00","dateModified":"2022-10-02T19:31:38+00:00","breadcrumb":{"@id":"https:\/\/www.parafia.rudyszwald.pl\/index.php\/matka-boza\/#breadcrumb"},"inLanguage":"pl-PL","potentialAction":[{"@type":"ReadAction","target":["https:\/\/www.parafia.rudyszwald.pl\/index.php\/matka-boza\/"]}]},{"@type":"BreadcrumbList","@id":"https:\/\/www.parafia.rudyszwald.pl\/index.php\/matka-boza\/#breadcrumb","itemListElement":[{"@type":"ListItem","position":1,"name":"Strona g\u0142\u00f3wna","item":"https:\/\/www.parafia.rudyszwald.pl\/"},{"@type":"ListItem","position":2,"name":"Matka Bo\u017ca"}]},{"@type":"WebSite","@id":"https:\/\/www.parafia.rudyszwald.pl\/#website","url":"https:\/\/www.parafia.rudyszwald.pl\/","name":"Parafia Tr\u00f3jcy \u015awi\u0119tej w Rudyszwa\u0142dzie","description":"Parafia Rudyszwa\u0142d","publisher":{"@id":"https:\/\/www.parafia.rudyszwald.pl\/#organization"},"potentialAction":[{"@type":"SearchAction","target":{"@type":"EntryPoint","urlTemplate":"https:\/\/www.parafia.rudyszwald.pl\/?s={search_term_string}"},"query-input":"required name=search_term_string"}],"inLanguage":"pl-PL"},{"@type":"Organization","@id":"https:\/\/www.parafia.rudyszwald.pl\/#organization","name":"Parafia Tr\u00f3jcy \u015awi\u0119tej w Rudyszwa\u0142dzie","url":"https:\/\/www.parafia.rudyszwald.pl\/","logo":{"@type":"ImageObject","inLanguage":"pl-PL","@id":"https:\/\/www.parafia.rudyszwald.pl\/#\/schema\/logo\/image\/","url":"https:\/\/www.parafia.rudyszwald.pl\/wp-content\/uploads\/2019\/07\/IMG_1_DxO-copy-\u2014-kopia2-\u2014-kopia-2.jpg","contentUrl":"https:\/\/www.parafia.rudyszwald.pl\/wp-content\/uploads\/2019\/07\/IMG_1_DxO-copy-\u2014-kopia2-\u2014-kopia-2.jpg","width":464,"height":711,"caption":"Parafia Tr\u00f3jcy \u015awi\u0119tej w Rudyszwa\u0142dzie"},"image":{"@id":"https:\/\/www.parafia.rudyszwald.pl\/#\/schema\/logo\/image\/"}}]}},"_links":{"self":[{"href":"https:\/\/www.parafia.rudyszwald.pl\/index.php\/wp-json\/wp\/v2\/pages\/3553"}],"collection":[{"href":"https:\/\/www.parafia.rudyszwald.pl\/index.php\/wp-json\/wp\/v2\/pages"}],"about":[{"href":"https:\/\/www.parafia.rudyszwald.pl\/index.php\/wp-json\/wp\/v2\/types\/page"}],"author":[{"embeddable":true,"href":"https:\/\/www.parafia.rudyszwald.pl\/index.php\/wp-json\/wp\/v2\/users\/1"}],"replies":[{"embeddable":true,"href":"https:\/\/www.parafia.rudyszwald.pl\/index.php\/wp-json\/wp\/v2\/comments?post=3553"}],"version-history":[{"count":5,"href":"https:\/\/www.parafia.rudyszwald.pl\/index.php\/wp-json\/wp\/v2\/pages\/3553\/revisions"}],"predecessor-version":[{"id":3562,"href":"https:\/\/www.parafia.rudyszwald.pl\/index.php\/wp-json\/wp\/v2\/pages\/3553\/revisions\/3562"}],"wp:attachment":[{"href":"https:\/\/www.parafia.rudyszwald.pl\/index.php\/wp-json\/wp\/v2\/media?parent=3553"}],"curies":[{"name":"wp","href":"https:\/\/api.w.org\/{rel}","templated":true}]}}

Matka Boża

<hr class="wp-block-separator"/>



<div style="height:20px" aria-hidden="true" class="wp-block-spacer"></div>



<p class="has-background has-very-light-gray-background-color" style="text-align:justify"><strong>Urodziny Matki Bożej </strong><a href="https://www.przewodnik-katolicki.pl/Archiwum/2007/Przewodnik-Katolicki-35-2007/Wiara-i-Kosciol/Urodziny-Matki-Bozej"> -> czytaj dalej</a>. </p>



<div class="wp-block-image"><figure class="aligncenter size-large is-resized"><a href="https://www.parafia.rudyszwald.pl/wp-content/uploads/2022/10/WhatsApp-Image-2022-09-27-at-12.50.52.jpeg"><img decoding="async" loading="lazy" src="https://www.parafia.rudyszwald.pl/wp-content/uploads/2022/10/WhatsApp-Image-2022-09-27-at-12.50.52.jpeg" alt="" class="wp-image-3556" width="477" height="389" srcset="https://www.parafia.rudyszwald.pl/wp-content/uploads/2022/10/WhatsApp-Image-2022-09-27-at-12.50.52.jpeg 720w, https://www.parafia.rudyszwald.pl/wp-content/uploads/2022/10/WhatsApp-Image-2022-09-27-at-12.50.52-300x245.jpeg 300w" sizes="(max-width: 477px) 100vw, 477px" /></a></figure></div>



<figure class="wp-block-embed-youtube aligncenter wp-block-embed is-type-video is-provider-youtube wp-embed-aspect-16-9 wp-has-aspect-ratio"><div class="wp-block-embed__wrapper">
<iframe loading="lazy" title="MODLITWA DO NAJŚWIĘTSZEJ MARYI PANNY ❤️🙏❤️ ZDROWAŚ MARYJO, ŁASKI PEŁNA ŚWIĘTO NARODZIN NMP 8.09.2022" width="1000" height="563" src="https://www.youtube.com/embed/iM-6e3cLB60?feature=oembed" frameborder="0" allow="accelerometer; autoplay; clipboard-write; encrypted-media; gyroscope; picture-in-picture" allowfullscreen></iframe>
</div></figure>



<figure class="wp-block-embed-youtube aligncenter wp-block-embed is-type-video is-provider-youtube wp-embed-aspect-16-9 wp-has-aspect-ratio"><div class="wp-block-embed__wrapper">
<iframe loading="lazy" title="Maryjo, chcę zamieszkać z Tobą | Mocni w Duchu official" width="1000" height="563" src="https://www.youtube.com/embed/-LgVzC-RxLs?feature=oembed" frameborder="0" allow="accelerometer; autoplay; clipboard-write; encrypted-media; gyroscope; picture-in-picture" allowfullscreen></iframe>
</div></figure>



<div class="is-layout-flex wp-block-buttons aligncenter">
<div class="wp-block-button"><a class="wp-block-button__link" href="https://www.parafia.rudyszwald.pl/index.php/dzieci-maryi/">powrót</a></div>
</div>



<div class="is-layout-flex wp-block-buttons aligncenter">
<div class="wp-block-button is-style-outline"><a class="wp-block-button__link" href="https://www.parafia.rudyszwald.pl/">strona główna</a></div>
</div>

<p>Urodziny Matki Bożej -> czytaj dalej.</p>

<!-- This site is optimized with the Yoast SEO plugin v19.11 - https://yoast.com/wordpress/plugins/seo/ -->
<title>Matka Boża - Parafia Trójcy Świętej w Rudyszwałdzie</title>
<meta name="robots" content="index, follow, max-snippet:-1, max-image-preview:large, max-video-preview:-1" />
<link rel="canonical" href="https://www.parafia.rudyszwald.pl/index.php/matka-boza/" />
<meta property="og:locale" content="pl_PL" />
<meta property="og:type" content="article" />
<meta property="og:title" content="Matka Boża - Parafia Trójcy Świętej w Rudyszwałdzie" />
<meta property="og:description" content="Urodziny Matki Bożej -&gt; czytaj dalej." />
<meta property="og:url" content="https://www.parafia.rudyszwald.pl/index.php/matka-boza/" />
<meta property="og:site_name" content="Parafia Trójcy Świętej w Rudyszwałdzie" />
<meta property="article:modified_time" content="2022-10-02T19:31:38+00:00" />
<meta property="og:image" content="https://www.parafia.rudyszwald.pl/wp-content/uploads/2022/10/WhatsApp-Image-2022-09-27-at-12.50.52.jpeg" />
<meta name="twitter:card" content="summary_large_image" />
<script type="application/ld+json" class="yoast-schema-graph">{"@context":"https://schema.org","@graph":[{"@type":"WebPage","@id":"https://www.parafia.rudyszwald.pl/index.php/matka-boza/","url":"https://www.parafia.rudyszwald.pl/index.php/matka-boza/","name":"Matka Boża - Parafia Trójcy Świętej w Rudyszwałdzie","isPartOf":{"@id":"https://www.parafia.rudyszwald.pl/#website"},"datePublished":"2022-10-02T19:31:37+00:00","dateModified":"2022-10-02T19:31:38+00:00","breadcrumb":{"@id":"https://www.parafia.rudyszwald.pl/index.php/matka-boza/#breadcrumb"},"inLanguage":"pl-PL","potentialAction":[{"@type":"ReadAction","target":["https://www.parafia.rudyszwald.pl/index.php/matka-boza/"]}]},{"@type":"BreadcrumbList","@id":"https://www.parafia.rudyszwald.pl/index.php/matka-boza/#breadcrumb","itemListElement":[{"@type":"ListItem","position":1,"name":"Strona główna","item":"https://www.parafia.rudyszwald.pl/"},{"@type":"ListItem","position":2,"name":"Matka Boża"}]},{"@type":"WebSite","@id":"https://www.parafia.rudyszwald.pl/#website","url":"https://www.parafia.rudyszwald.pl/","name":"Parafia Trójcy Świętej w Rudyszwałdzie","description":"Parafia Rudyszwałd","publisher":{"@id":"https://www.parafia.rudyszwald.pl/#organization"},"potentialAction":[{"@type":"SearchAction","target":{"@type":"EntryPoint","urlTemplate":"https://www.parafia.rudyszwald.pl/?s={search_term_string}"},"query-input":"required name=search_term_string"}],"inLanguage":"pl-PL"},{"@type":"Organization","@id":"https://www.parafia.rudyszwald.pl/#organization","name":"Parafia Trójcy Świętej w Rudyszwałdzie","url":"https://www.parafia.rudyszwald.pl/","logo":{"@type":"ImageObject","inLanguage":"pl-PL","@id":"https://www.parafia.rudyszwald.pl/#/schema/logo/image/","url":"https://www.parafia.rudyszwald.pl/wp-content/uploads/2019/07/IMG_1_DxO-copy-—-kopia2-—-kopia-2.jpg","contentUrl":"https://www.parafia.rudyszwald.pl/wp-content/uploads/2019/07/IMG_1_DxO-copy-—-kopia2-—-kopia-2.jpg","width":464,"height":711,"caption":"Parafia Trójcy Świętej w Rudyszwałdzie"},"image":{"@id":"https://www.parafia.rudyszwald.pl/#/schema/logo/image/"}}]}</script>
<!-- / Yoast SEO plugin. -->

Matka Boża - Parafia Trójcy Świętej w Rudyszwałdzie

Urodziny Matki Bożej -> czytaj dalej.

Parafia Trójcy Świętej w Rudyszwałdzie

Strona główna

Parafia Rudyszwałd
